{"id":2415,"date":"2017-06-15T07:15:28","date_gmt":"2017-06-15T07:15:28","guid":{"rendered":"https:\/\/www.gavias-theme.com\/wp\/codesk\/?page_id=2415"},"modified":"2017-06-15T07:15:28","modified_gmt":"2017-06-15T07:15:28","slug":"portfolio-page","status":"publish","type":"page","link":"https:\/\/oskpdul.pl\/index.php\/portfolio-page\/","title":{"rendered":"Portfolio"},"content":{"rendered":"\t\t<div data-elementor-type=\"wp-post\" data-elementor-id=\"2415\" class=\"elementor elementor-2415\" data-elementor-settings=\"[]\">\n\t\t\t\t\t\t\t<div class=\"elementor-section-wrap\">\n\t\t\t\t\t\t\t<section class=\"elementor-section elementor-top-section elementor-element elementor-element-5f22f8c elementor-section-boxed elementor-section-height-default elementor-section-height-default\" data-id=\"5f22f8c\" data-element_type=\"section\">\n\t\t\t\t\t\t<div class=\"elementor-container elementor-column-gap-default\">\n\t\t\t\t\t<div class=\"elementor-column elementor-col-100 elementor-top-column elementor-element elementor-element-9399eb8 column-style-top\" data-id=\"9399eb8\" data-element_type=\"column\">\n\t\t\t<div class=\"elementor-widget-wrap elementor-element-populated\">\n\t\t\t\t\t\t\t\t<div class=\"elementor-element elementor-element-585d632 elementor-widget elementor-widget-gva-portfolio\" data-id=\"585d632\" data-element_type=\"widget\" data-widget_type=\"gva-portfolio.default\">\n\t\t\t\t<div class=\"elementor-widget-container\">\n\t\t\t<div class=\"gva-element-gva-portfolio gva-element\">\r\n  <div class=\"gva-posts-grid clearfix grid-y9cw\" data-filter=\"y9cw\">\r\n                 <nav class=\"portfolio-filter\">\r\n          <ul class=\"nav nav-tabs\">\r\n             <li><a class=\"btn-filter all active\" href=\"javascript:void(0)\" data-filter=\"*\"><span>All<\/span><\/a><\/li>\r\n                            <li><a href=\"javascript:void(0)\" class=\"btn-filter\" data-filter=\".branding\"><span>Branding<\/span><\/a><\/li>\r\n                            <li><a href=\"javascript:void(0)\" class=\"btn-filter\" data-filter=\".design\"><span>Design<\/span><\/a><\/li>\r\n                            <li><a href=\"javascript:void(0)\" class=\"btn-filter\" data-filter=\".graphic\"><span>Graphic<\/span><\/a><\/li>\r\n                       <\/ul> \r\n       <\/nav> \r\n        <div class=\"gva-content-items\"> \r\n      <div class=\"isotope-items view-portfolio lg-block-grid-3 md-block-grid-3 sm-block-grid-2 xs-block-grid-1\">\r\n        <div class=\"all branding  item-columns isotope-item\">\r\n   <div class=\"portfolio-block portfolio-v1\">      \r\n      <div class=\"images\">\r\n         <a class=\"link-image-content\" href=\"https:\/\/oskpdul.pl\/index.php\/portfolio\/cloaking-doorway-pages\/\">\r\n            <img width=\"1000\" height=\"750\" src=\"https:\/\/oskpdul.pl\/wp-content\/uploads\/2017\/03\/portfolio-1.jpg\" class=\"attachment-oxpitan_medium size-oxpitan_medium wp-post-image\" alt=\"\" loading=\"lazy\" \/>         <\/a>\r\n         <a class=\"link\" href=\"https:\/\/oskpdul.pl\/index.php\/portfolio\/cloaking-doorway-pages\/\"><i class=\"gv-icon-809\"><\/i><\/a>\r\n      <\/div>\r\n      <div class=\"portfolio-content\">\r\n         <div class=\"content-inner\">\r\n            <div class=\"portfolio-meta\"><a href=\"https:\/\/oskpdul.pl\/index.php\/category-portfolio\/branding\/\" title=\"View all posts in Branding\">Branding<\/a><\/div>\r\n            <h3 class=\"title\"><a href=\"https:\/\/oskpdul.pl\/index.php\/portfolio\/cloaking-doorway-pages\/\">Cloaking &#038; Doorway Pages<\/a><\/h3> \r\n         <\/div>    \r\n      <\/div>   \r\n   <\/div>\r\n<\/div>\r\n\r\n  <div class=\"all design  item-columns isotope-item\">\r\n   <div class=\"portfolio-block portfolio-v1\">      \r\n      <div class=\"images\">\r\n         <a class=\"link-image-content\" href=\"https:\/\/oskpdul.pl\/index.php\/portfolio\/developing-a-strategy\/\">\r\n            <img width=\"1000\" height=\"750\" src=\"https:\/\/oskpdul.pl\/wp-content\/uploads\/2017\/03\/portfolio-2.jpg\" class=\"attachment-oxpitan_medium size-oxpitan_medium wp-post-image\" alt=\"\" loading=\"lazy\" \/>         <\/a>\r\n         <a class=\"link\" href=\"https:\/\/oskpdul.pl\/index.php\/portfolio\/developing-a-strategy\/\"><i class=\"gv-icon-809\"><\/i><\/a>\r\n      <\/div>\r\n      <div class=\"portfolio-content\">\r\n         <div class=\"content-inner\">\r\n            <div class=\"portfolio-meta\"><a href=\"https:\/\/oskpdul.pl\/index.php\/category-portfolio\/design\/\" title=\"View all posts in Design\">Design<\/a><\/div>\r\n            <h3 class=\"title\"><a href=\"https:\/\/oskpdul.pl\/index.php\/portfolio\/developing-a-strategy\/\">Developing a strategy<\/a><\/h3> \r\n         <\/div>    \r\n      <\/div>   \r\n   <\/div>\r\n<\/div>\r\n\r\n  <div class=\"all graphic  item-columns isotope-item\">\r\n   <div class=\"portfolio-block portfolio-v1\">      \r\n      <div class=\"images\">\r\n         <a class=\"link-image-content\" href=\"https:\/\/oskpdul.pl\/index.php\/portfolio\/vr-solution-development\/\">\r\n            <img width=\"1000\" height=\"750\" src=\"https:\/\/oskpdul.pl\/wp-content\/uploads\/2017\/03\/portfolio-6.jpg\" class=\"attachment-oxpitan_medium size-oxpitan_medium wp-post-image\" alt=\"\" loading=\"lazy\" \/>         <\/a>\r\n         <a class=\"link\" href=\"https:\/\/oskpdul.pl\/index.php\/portfolio\/vr-solution-development\/\"><i class=\"gv-icon-809\"><\/i><\/a>\r\n      <\/div>\r\n      <div class=\"portfolio-content\">\r\n         <div class=\"content-inner\">\r\n            <div class=\"portfolio-meta\"><a href=\"https:\/\/oskpdul.pl\/index.php\/category-portfolio\/graphic\/\" title=\"View all posts in Graphic\">Graphic<\/a><\/div>\r\n            <h3 class=\"title\"><a href=\"https:\/\/oskpdul.pl\/index.php\/portfolio\/vr-solution-development\/\">VR Solution Development<\/a><\/h3> \r\n         <\/div>    \r\n      <\/div>   \r\n   <\/div>\r\n<\/div>\r\n\r\n  <div class=\"all design  item-columns isotope-item\">\r\n   <div class=\"portfolio-block portfolio-v1\">      \r\n      <div class=\"images\">\r\n         <a class=\"link-image-content\" href=\"https:\/\/oskpdul.pl\/index.php\/portfolio\/marketing-strategy\/\">\r\n            <img width=\"1000\" height=\"750\" src=\"https:\/\/oskpdul.pl\/wp-content\/uploads\/2017\/03\/portfolio-9.jpg\" class=\"attachment-oxpitan_medium size-oxpitan_medium wp-post-image\" alt=\"\" loading=\"lazy\" \/>         <\/a>\r\n         <a class=\"link\" href=\"https:\/\/oskpdul.pl\/index.php\/portfolio\/marketing-strategy\/\"><i class=\"gv-icon-809\"><\/i><\/a>\r\n      <\/div>\r\n      <div class=\"portfolio-content\">\r\n         <div class=\"content-inner\">\r\n            <div class=\"portfolio-meta\"><a href=\"https:\/\/oskpdul.pl\/index.php\/category-portfolio\/design\/\" title=\"View all posts in Design\">Design<\/a><\/div>\r\n            <h3 class=\"title\"><a href=\"https:\/\/oskpdul.pl\/index.php\/portfolio\/marketing-strategy\/\">Marketing Strategy<\/a><\/h3> \r\n         <\/div>    \r\n      <\/div>   \r\n   <\/div>\r\n<\/div>\r\n\r\n  <div class=\"all branding  item-columns isotope-item\">\r\n   <div class=\"portfolio-block portfolio-v1\">      \r\n      <div class=\"images\">\r\n         <a class=\"link-image-content\" href=\"https:\/\/oskpdul.pl\/index.php\/portfolio\/hosting-website-rank\/\">\r\n            <img width=\"1000\" height=\"750\" src=\"https:\/\/oskpdul.pl\/wp-content\/uploads\/2017\/03\/portfolio-4.jpg\" class=\"attachment-oxpitan_medium size-oxpitan_medium wp-post-image\" alt=\"\" loading=\"lazy\" \/>         <\/a>\r\n         <a class=\"link\" href=\"https:\/\/oskpdul.pl\/index.php\/portfolio\/hosting-website-rank\/\"><i class=\"gv-icon-809\"><\/i><\/a>\r\n      <\/div>\r\n      <div class=\"portfolio-content\">\r\n         <div class=\"content-inner\">\r\n            <div class=\"portfolio-meta\"><a href=\"https:\/\/oskpdul.pl\/index.php\/category-portfolio\/branding\/\" title=\"View all posts in Branding\">Branding<\/a><\/div>\r\n            <h3 class=\"title\"><a href=\"https:\/\/oskpdul.pl\/index.php\/portfolio\/hosting-website-rank\/\">Hosting Website Rank<\/a><\/h3> \r\n         <\/div>    \r\n      <\/div>   \r\n   <\/div>\r\n<\/div>\r\n\r\n  <div class=\"all graphic  item-columns isotope-item\">\r\n   <div class=\"portfolio-block portfolio-v1\">      \r\n      <div class=\"images\">\r\n         <a class=\"link-image-content\" href=\"https:\/\/oskpdul.pl\/index.php\/portfolio\/harnessing-automation\/\">\r\n            <img width=\"1000\" height=\"750\" src=\"https:\/\/oskpdul.pl\/wp-content\/uploads\/2017\/03\/portfolio-3.jpg\" class=\"attachment-oxpitan_medium size-oxpitan_medium wp-post-image\" alt=\"\" loading=\"lazy\" \/>         <\/a>\r\n         <a class=\"link\" href=\"https:\/\/oskpdul.pl\/index.php\/portfolio\/harnessing-automation\/\"><i class=\"gv-icon-809\"><\/i><\/a>\r\n      <\/div>\r\n      <div class=\"portfolio-content\">\r\n         <div class=\"content-inner\">\r\n            <div class=\"portfolio-meta\"><a href=\"https:\/\/oskpdul.pl\/index.php\/category-portfolio\/graphic\/\" title=\"View all posts in Graphic\">Graphic<\/a><\/div>\r\n            <h3 class=\"title\"><a href=\"https:\/\/oskpdul.pl\/index.php\/portfolio\/harnessing-automation\/\">Harnessing automation<\/a><\/h3> \r\n         <\/div>    \r\n      <\/div>   \r\n   <\/div>\r\n<\/div>\r\n\r\n        <\/div>\r\n    <\/div>\r\n            <div class=\"pagination\">\r\n            <div class=\"column one pager_wrapper\"><div class=\"pager\"><div class=\"paginations\"><a href=\"https:\/\/oskpdul.pl\/index.php\/wp-json\/wp\/v2\/pages\/2415\" class=\"page-item active\">1<\/a><a href=\"https:\/\/oskpdul.pl\/index.php\/wp-json\/wp\/v2\/pages\/2415\/page\/2\/\" class=\"page-item\">2<\/a><a class=\"next_page\" href=\"https:\/\/oskpdul.pl\/index.php\/wp-json\/wp\/v2\/pages\/2415\/page\/2\/\"><i class=\"gv-icon-165\"><\/i><\/a><\/div><\/div><\/div>\n        <\/div>\r\n      <\/div>\r\n  <\/div>\t\t<\/div>\n\t\t\t\t<\/div>\n\t\t\t\t\t<\/div>\n\t\t<\/div>\n\t\t\t\t\t\t\t<\/div>\n\t\t<\/section>\n\t\t\t\t\t\t<\/div>\n\t\t\t\t\t<\/div>\n\t\t","protected":false},"excerpt":{"rendered":"<p>All Graphic Design Branding Branding Cloaking &#038; Doorway Pages Design Developing a strategy Graphic VR Solution Development Design Marketing Strategy Branding Hosting Website Rank Graphic Harnessing automation 12<\/p>\n","protected":false},"author":1,"featured_media":0,"parent":0,"menu_order":0,"comment_status":"closed","ping_status":"closed","template":"","meta":[],"yoast_head":"<!-- This site is optimized with the Yoast SEO plugin v19.2 - https:\/\/yoast.com\/wordpress\/plugins\/seo\/ -->\n<title>Portfolio - OSKPDUL - okr\u0119gowa stacja pojazd\u00f3w Mielec<\/title>\n<meta name=\"robots\" content=\"index, follow, max-snippet:-1, max-image-preview:large, max-video-preview:-1\" \/>\n<link rel=\"canonical\" href=\"https:\/\/oskpdul.pl\/index.php\/portfolio-page\/\" \/>\n<meta property=\"og:locale\" content=\"pl_PL\" \/>\n<meta property=\"og:type\" content=\"article\" \/>\n<meta property=\"og:title\" content=\"Portfolio - OSKPDUL - okr\u0119gowa stacja pojazd\u00f3w Mielec\" \/>\n<meta property=\"og:description\" content=\"All Graphic Design Branding Branding Cloaking &#038; Doorway Pages Design Developing a strategy Graphic VR Solution Development Design Marketing Strategy Branding Hosting Website Rank Graphic Harnessing automation 12\" \/>\n<meta property=\"og:url\" content=\"https:\/\/oskpdul.pl\/index.php\/portfolio-page\/\" \/>\n<meta property=\"og:site_name\" content=\"OSKPDUL - okr\u0119gowa stacja pojazd\u00f3w Mielec\" \/>\n<meta name=\"author\" content=\"admin\" \/>\n<meta name=\"twitter:card\" content=\"summary_large_image\" \/>\n<script type=\"application\/ld+json\" class=\"yoast-schema-graph\">{\"@context\":\"https:\/\/schema.org\",\"@graph\":[{\"@type\":\"Organization\",\"@id\":\"https:\/\/oskpdul.pl\/#organization\",\"name\":\"OSKP DUL - okr\u0119gowa stacja kontroli pojazd\u00f3w Mielec\",\"url\":\"https:\/\/oskpdul.pl\/\",\"sameAs\":[],\"logo\":{\"@type\":\"ImageObject\",\"inLanguage\":\"pl-PL\",\"@id\":\"https:\/\/oskpdul.pl\/#\/schema\/logo\/image\/\",\"url\":\"https:\/\/oskpdul.pl\/wp-content\/uploads\/2022\/01\/cropped-android-chrome-512x512-1.png\",\"contentUrl\":\"https:\/\/oskpdul.pl\/wp-content\/uploads\/2022\/01\/cropped-android-chrome-512x512-1.png\",\"width\":512,\"height\":512,\"caption\":\"OSKP DUL - okr\u0119gowa stacja kontroli pojazd\u00f3w Mielec\"},\"image\":{\"@id\":\"https:\/\/oskpdul.pl\/#\/schema\/logo\/image\/\"}},{\"@type\":\"WebSite\",\"@id\":\"https:\/\/oskpdul.pl\/#website\",\"url\":\"https:\/\/oskpdul.pl\/\",\"name\":\"OSKPDUL - okr\u0119gowa stacja pojazd\u00f3w Mielec\",\"description\":\"Okr\u0119gowa stacja kontroli pojazd\u00f3w\",\"publisher\":{\"@id\":\"https:\/\/oskpdul.pl\/#organization\"},\"potentialAction\":[{\"@type\":\"SearchAction\",\"target\":{\"@type\":\"EntryPoint\",\"urlTemplate\":\"https:\/\/oskpdul.pl\/?s={search_term_string}\"},\"query-input\":\"required name=search_term_string\"}],\"inLanguage\":\"pl-PL\"},{\"@type\":\"WebPage\",\"@id\":\"https:\/\/oskpdul.pl\/index.php\/portfolio-page\/#webpage\",\"url\":\"https:\/\/oskpdul.pl\/index.php\/portfolio-page\/\",\"name\":\"Portfolio - OSKPDUL - okr\u0119gowa stacja pojazd\u00f3w Mielec\",\"isPartOf\":{\"@id\":\"https:\/\/oskpdul.pl\/#website\"},\"datePublished\":\"2017-06-15T07:15:28+00:00\",\"dateModified\":\"2017-06-15T07:15:28+00:00\",\"breadcrumb\":{\"@id\":\"https:\/\/oskpdul.pl\/index.php\/portfolio-page\/#breadcrumb\"},\"inLanguage\":\"pl-PL\",\"potentialAction\":[{\"@type\":\"ReadAction\",\"target\":[\"https:\/\/oskpdul.pl\/index.php\/portfolio-page\/\"]}]},{\"@type\":\"BreadcrumbList\",\"@id\":\"https:\/\/oskpdul.pl\/index.php\/portfolio-page\/#breadcrumb\",\"itemListElement\":[{\"@type\":\"ListItem\",\"position\":1,\"name\":\"Strona g\u0142\u00f3wna\",\"item\":\"https:\/\/oskpdul.pl\/\"},{\"@type\":\"ListItem\",\"position\":2,\"name\":\"Portfolio\"}]}]}<\/script>\n<!-- \/ Yoast SEO plugin. -->","yoast_head_json":{"title":"Portfolio - OSKPDUL - okr\u0119gowa stacja pojazd\u00f3w Mielec","robots":{"index":"index","follow":"follow","max-snippet":"max-snippet:-1","max-image-preview":"max-image-preview:large","max-video-preview":"max-video-preview:-1"},"canonical":"https:\/\/oskpdul.pl\/index.php\/portfolio-page\/","og_locale":"pl_PL","og_type":"article","og_title":"Portfolio - OSKPDUL - okr\u0119gowa stacja pojazd\u00f3w Mielec","og_description":"All Graphic Design Branding Branding Cloaking &#038; Doorway Pages Design Developing a strategy Graphic VR Solution Development Design Marketing Strategy Branding Hosting Website Rank Graphic Harnessing automation 12","og_url":"https:\/\/oskpdul.pl\/index.php\/portfolio-page\/","og_site_name":"OSKPDUL - okr\u0119gowa stacja pojazd\u00f3w Mielec","author":"admin","twitter_card":"summary_large_image","schema":{"@context":"https:\/\/schema.org","@graph":[{"@type":"Organization","@id":"https:\/\/oskpdul.pl\/#organization","name":"OSKP DUL - okr\u0119gowa stacja kontroli pojazd\u00f3w Mielec","url":"https:\/\/oskpdul.pl\/","sameAs":[],"logo":{"@type":"ImageObject","inLanguage":"pl-PL","@id":"https:\/\/oskpdul.pl\/#\/schema\/logo\/image\/","url":"https:\/\/oskpdul.pl\/wp-content\/uploads\/2022\/01\/cropped-android-chrome-512x512-1.png","contentUrl":"https:\/\/oskpdul.pl\/wp-content\/uploads\/2022\/01\/cropped-android-chrome-512x512-1.png","width":512,"height":512,"caption":"OSKP DUL - okr\u0119gowa stacja kontroli pojazd\u00f3w Mielec"},"image":{"@id":"https:\/\/oskpdul.pl\/#\/schema\/logo\/image\/"}},{"@type":"WebSite","@id":"https:\/\/oskpdul.pl\/#website","url":"https:\/\/oskpdul.pl\/","name":"OSKPDUL - okr\u0119gowa stacja pojazd\u00f3w Mielec","description":"Okr\u0119gowa stacja kontroli pojazd\u00f3w","publisher":{"@id":"https:\/\/oskpdul.pl\/#organization"},"potentialAction":[{"@type":"SearchAction","target":{"@type":"EntryPoint","urlTemplate":"https:\/\/oskpdul.pl\/?s={search_term_string}"},"query-input":"required name=search_term_string"}],"inLanguage":"pl-PL"},{"@type":"WebPage","@id":"https:\/\/oskpdul.pl\/index.php\/portfolio-page\/#webpage","url":"https:\/\/oskpdul.pl\/index.php\/portfolio-page\/","name":"Portfolio - OSKPDUL - okr\u0119gowa stacja pojazd\u00f3w Mielec","isPartOf":{"@id":"https:\/\/oskpdul.pl\/#website"},"datePublished":"2017-06-15T07:15:28+00:00","dateModified":"2017-06-15T07:15:28+00:00","breadcrumb":{"@id":"https:\/\/oskpdul.pl\/index.php\/portfolio-page\/#breadcrumb"},"inLanguage":"pl-PL","potentialAction":[{"@type":"ReadAction","target":["https:\/\/oskpdul.pl\/index.php\/portfolio-page\/"]}]},{"@type":"BreadcrumbList","@id":"https:\/\/oskpdul.pl\/index.php\/portfolio-page\/#breadcrumb","itemListElement":[{"@type":"ListItem","position":1,"name":"Strona g\u0142\u00f3wna","item":"https:\/\/oskpdul.pl\/"},{"@type":"ListItem","position":2,"name":"Portfolio"}]}]}},"_links":{"self":[{"href":"https:\/\/oskpdul.pl\/index.php\/wp-json\/wp\/v2\/pages\/2415"}],"collection":[{"href":"https:\/\/oskpdul.pl\/index.php\/wp-json\/wp\/v2\/pages"}],"about":[{"href":"https:\/\/oskpdul.pl\/index.php\/wp-json\/wp\/v2\/types\/page"}],"author":[{"embeddable":true,"href":"https:\/\/oskpdul.pl\/index.php\/wp-json\/wp\/v2\/users\/1"}],"replies":[{"embeddable":true,"href":"https:\/\/oskpdul.pl\/index.php\/wp-json\/wp\/v2\/comments?post=2415"}],"version-history":[{"count":0,"href":"https:\/\/oskpdul.pl\/index.php\/wp-json\/wp\/v2\/pages\/2415\/revisions"}],"wp:attachment":[{"href":"https:\/\/oskpdul.pl\/index.php\/wp-json\/wp\/v2\/media?parent=2415"}],"curies":[{"name":"wp","href":"https:\/\/api.w.org\/{rel}","templated":true}]}}