{"id":5445,"date":"2019-06-13T07:24:49","date_gmt":"2019-06-13T07:24:49","guid":{"rendered":"https:\/\/www.gavias-theme.com\/wp\/codesk\/?page_id=5445"},"modified":"2019-06-13T07:24:49","modified_gmt":"2019-06-13T07:24:49","slug":"our-awards","status":"publish","type":"page","link":"https:\/\/oskpdul.pl\/index.php\/our-awards\/","title":{"rendered":"Our Awards"},"content":{"rendered":"\t\t<div data-elementor-type=\"wp-post\" data-elementor-id=\"5445\" class=\"elementor elementor-5445\" data-elementor-settings=\"[]\">\n\t\t\t\t\t\t\t<div class=\"elementor-section-wrap\">\n\t\t\t\t\t\t\t<section class=\"elementor-section elementor-top-section elementor-element elementor-element-fd43b83 elementor-section-boxed elementor-section-height-default elementor-section-height-default\" data-id=\"fd43b83\" data-element_type=\"section\">\n\t\t\t\t\t\t<div class=\"elementor-container elementor-column-gap-default\">\n\t\t\t\t\t<div class=\"elementor-column elementor-col-50 elementor-top-column elementor-element elementor-element-5beab73 column-style-top\" data-id=\"5beab73\" data-element_type=\"column\">\n\t\t\t<div class=\"elementor-widget-wrap elementor-element-populated\">\n\t\t\t\t\t\t\t\t<section class=\"elementor-section elementor-inner-section elementor-element elementor-element-4535e7c elementor-section-boxed elementor-section-height-default elementor-section-height-default\" data-id=\"4535e7c\" data-element_type=\"section\">\n\t\t\t\t\t\t<div class=\"elementor-container elementor-column-gap-default\">\n\t\t\t\t\t<div class=\"elementor-column elementor-col-50 elementor-inner-column elementor-element elementor-element-95e0d71 column-style-top\" data-id=\"95e0d71\" data-element_type=\"column\">\n\t\t\t<div class=\"elementor-widget-wrap elementor-element-populated\">\n\t\t\t\t\t\t\t\t<div class=\"elementor-element elementor-element-dc80551 elementor-widget elementor-widget-gva-image-content\" data-id=\"dc80551\" data-element_type=\"widget\" data-widget_type=\"gva-image-content.default\">\n\t\t\t\t<div class=\"elementor-widget-container\">\n\t\t\t<div class=\"gva-element-gva-image-content gva-element\">      \r\n     \r\n    \r\n    \r\n\r\n   \r\n  <div class=\"gsc-image-content skin-v4\">\r\n          <div class=\"image\">\r\n                  <a href=\"https:\/\/themesgavias.com\/wp\/codesk\/?page_id=5442\">\r\n          <img width=\"200\" height=\"100\" src=\"https:\/\/oskpdul.pl\/wp-content\/uploads\/2019\/06\/awards-1.jpg\" class=\"attachment-full size-full\" alt=\"\" loading=\"lazy\" \/>        <\/a>\r\n              <\/div>\r\n        <div class=\"box-content\">\r\n               <h2 class=\"title\">\r\n                    <a href=\"https:\/\/themesgavias.com\/wp\/codesk\/?page_id=5442\">\r\n          2018 The Cloud Awards        <\/a>\r\n                 <\/h2>\r\n            <div class=\"desc\">Codesk wins most innovative use of data in the cloud<\/div>\r\n              <div class=\"read-more\">\r\n                  <a href=\"https:\/\/themesgavias.com\/wp\/codesk\/?page_id=5442\" class=\"btn-theme btn-small\">\r\n          <span>Read More<\/span>        <\/a>\r\n                <\/div>\r\n          <\/div>  \r\n  <\/div>\r\n <\/div>\t\t<\/div>\n\t\t\t\t<\/div>\n\t\t\t\t\t<\/div>\n\t\t<\/div>\n\t\t\t\t<div class=\"elementor-column elementor-col-50 elementor-inner-column elementor-element elementor-element-769886a column-style-top\" data-id=\"769886a\" data-element_type=\"column\">\n\t\t\t<div class=\"elementor-widget-wrap elementor-element-populated\">\n\t\t\t\t\t\t\t\t<div class=\"elementor-element elementor-element-ed0594d elementor-widget elementor-widget-gva-image-content\" data-id=\"ed0594d\" data-element_type=\"widget\" data-widget_type=\"gva-image-content.default\">\n\t\t\t\t<div class=\"elementor-widget-container\">\n\t\t\t<div class=\"gva-element-gva-image-content gva-element\">      \r\n     \r\n    \r\n    \r\n\r\n   \r\n  <div class=\"gsc-image-content skin-v4\">\r\n          <div class=\"image\">\r\n                  <a href=\"https:\/\/themesgavias.com\/wp\/codesk\/?page_id=5442\">\r\n          <img width=\"200\" height=\"100\" src=\"https:\/\/oskpdul.pl\/wp-content\/uploads\/2019\/06\/awards-2.jpg\" class=\"attachment-full size-full\" alt=\"\" loading=\"lazy\" \/>        <\/a>\r\n              <\/div>\r\n        <div class=\"box-content\">\r\n               <h2 class=\"title\">\r\n                    <a href=\"https:\/\/themesgavias.com\/wp\/codesk\/?page_id=5442\">\r\n          2018 The IOT Awards        <\/a>\r\n                 <\/h2>\r\n            <div class=\"desc\">Codesk wins most innovative use of data in the cloud<\/div>\r\n              <div class=\"read-more\">\r\n                  <a href=\"https:\/\/themesgavias.com\/wp\/codesk\/?page_id=5442\" class=\"btn-theme btn-small\">\r\n          <span>Read More<\/span>        <\/a>\r\n                <\/div>\r\n          <\/div>  \r\n  <\/div>\r\n <\/div>\t\t<\/div>\n\t\t\t\t<\/div>\n\t\t\t\t\t<\/div>\n\t\t<\/div>\n\t\t\t\t\t\t\t<\/div>\n\t\t<\/section>\n\t\t\t\t<section class=\"elementor-section elementor-inner-section elementor-element elementor-element-14781bd elementor-section-boxed elementor-section-height-default elementor-section-height-default\" data-id=\"14781bd\" data-element_type=\"section\">\n\t\t\t\t\t\t<div class=\"elementor-container elementor-column-gap-default\">\n\t\t\t\t\t<div class=\"elementor-column elementor-col-50 elementor-inner-column elementor-element elementor-element-3c41154 column-style-top\" data-id=\"3c41154\" data-element_type=\"column\">\n\t\t\t<div class=\"elementor-widget-wrap elementor-element-populated\">\n\t\t\t\t\t\t\t\t<div class=\"elementor-element elementor-element-1013efd elementor-widget elementor-widget-gva-image-content\" data-id=\"1013efd\" data-element_type=\"widget\" data-widget_type=\"gva-image-content.default\">\n\t\t\t\t<div class=\"elementor-widget-container\">\n\t\t\t<div class=\"gva-element-gva-image-content gva-element\">      \r\n     \r\n    \r\n    \r\n\r\n   \r\n  <div class=\"gsc-image-content skin-v4\">\r\n          <div class=\"image\">\r\n                  <a href=\"https:\/\/themesgavias.com\/wp\/codesk\/?page_id=5442\">\r\n          <img width=\"200\" height=\"100\" src=\"https:\/\/oskpdul.pl\/wp-content\/uploads\/2019\/06\/awards-3.jpg\" class=\"attachment-full size-full\" alt=\"\" loading=\"lazy\" \/>        <\/a>\r\n              <\/div>\r\n        <div class=\"box-content\">\r\n               <h2 class=\"title\">\r\n                    <a href=\"https:\/\/themesgavias.com\/wp\/codesk\/?page_id=5442\">\r\n          V3 Technology Awards        <\/a>\r\n                 <\/h2>\r\n            <div class=\"desc\">Codesk wins most innovative use of data in the cloud<\/div>\r\n              <div class=\"read-more\">\r\n                  <a href=\"https:\/\/themesgavias.com\/wp\/codesk\/?page_id=5442\" class=\"btn-theme btn-small\">\r\n          <span>Read More<\/span>        <\/a>\r\n                <\/div>\r\n          <\/div>  \r\n  <\/div>\r\n <\/div>\t\t<\/div>\n\t\t\t\t<\/div>\n\t\t\t\t\t<\/div>\n\t\t<\/div>\n\t\t\t\t<div class=\"elementor-column elementor-col-50 elementor-inner-column elementor-element elementor-element-2221557 column-style-top\" data-id=\"2221557\" data-element_type=\"column\">\n\t\t\t<div class=\"elementor-widget-wrap elementor-element-populated\">\n\t\t\t\t\t\t\t\t<div class=\"elementor-element elementor-element-88abf9d elementor-widget elementor-widget-gva-image-content\" data-id=\"88abf9d\" data-element_type=\"widget\" data-widget_type=\"gva-image-content.default\">\n\t\t\t\t<div class=\"elementor-widget-container\">\n\t\t\t<div class=\"gva-element-gva-image-content gva-element\">      \r\n     \r\n    \r\n    \r\n\r\n   \r\n  <div class=\"gsc-image-content skin-v4\">\r\n          <div class=\"image\">\r\n                  <a href=\"https:\/\/themesgavias.com\/wp\/codesk\/?page_id=5442\">\r\n          <img width=\"200\" height=\"100\" src=\"https:\/\/oskpdul.pl\/wp-content\/uploads\/2019\/06\/awards-4.jpg\" class=\"attachment-full size-full\" alt=\"\" loading=\"lazy\" \/>        <\/a>\r\n              <\/div>\r\n        <div class=\"box-content\">\r\n               <h2 class=\"title\">\r\n                    <a href=\"https:\/\/themesgavias.com\/wp\/codesk\/?page_id=5442\">\r\n          2018 Business Awards        <\/a>\r\n                 <\/h2>\r\n            <div class=\"desc\">Codesk wins most innovative use of data in the cloud<\/div>\r\n              <div class=\"read-more\">\r\n                  <a href=\"https:\/\/themesgavias.com\/wp\/codesk\/?page_id=5442\" class=\"btn-theme btn-small\">\r\n          <span>Read More<\/span>        <\/a>\r\n                <\/div>\r\n          <\/div>  \r\n  <\/div>\r\n <\/div>\t\t<\/div>\n\t\t\t\t<\/div>\n\t\t\t\t\t<\/div>\n\t\t<\/div>\n\t\t\t\t\t\t\t<\/div>\n\t\t<\/section>\n\t\t\t\t<section class=\"elementor-section elementor-inner-section elementor-element elementor-element-412b183 elementor-section-boxed elementor-section-height-default elementor-section-height-default\" data-id=\"412b183\" data-element_type=\"section\">\n\t\t\t\t\t\t<div class=\"elementor-container elementor-column-gap-default\">\n\t\t\t\t\t<div class=\"elementor-column elementor-col-50 elementor-inner-column elementor-element elementor-element-cd512be column-style-top\" data-id=\"cd512be\" data-element_type=\"column\">\n\t\t\t<div class=\"elementor-widget-wrap elementor-element-populated\">\n\t\t\t\t\t\t\t\t<div class=\"elementor-element elementor-element-9d50e4c elementor-widget elementor-widget-gva-image-content\" data-id=\"9d50e4c\" data-element_type=\"widget\" data-widget_type=\"gva-image-content.default\">\n\t\t\t\t<div class=\"elementor-widget-container\">\n\t\t\t<div class=\"gva-element-gva-image-content gva-element\">      \r\n     \r\n    \r\n    \r\n\r\n   \r\n  <div class=\"gsc-image-content skin-v4\">\r\n          <div class=\"image\">\r\n                  <a href=\"https:\/\/themesgavias.com\/wp\/codesk\/?page_id=5442\">\r\n          <img width=\"200\" height=\"100\" src=\"https:\/\/oskpdul.pl\/wp-content\/uploads\/2019\/06\/awards-5.jpg\" class=\"attachment-full size-full\" alt=\"\" loading=\"lazy\" \/>        <\/a>\r\n              <\/div>\r\n        <div class=\"box-content\">\r\n               <h2 class=\"title\">\r\n                    <a href=\"https:\/\/themesgavias.com\/wp\/codesk\/?page_id=5442\">\r\n          2018 The Big Data Awards        <\/a>\r\n                 <\/h2>\r\n            <div class=\"desc\">Codesk wins most innovative use of data in the cloud<\/div>\r\n              <div class=\"read-more\">\r\n                  <a href=\"https:\/\/themesgavias.com\/wp\/codesk\/?page_id=5442\" class=\"btn-theme btn-small\">\r\n          <span>Read More<\/span>        <\/a>\r\n                <\/div>\r\n          <\/div>  \r\n  <\/div>\r\n <\/div>\t\t<\/div>\n\t\t\t\t<\/div>\n\t\t\t\t\t<\/div>\n\t\t<\/div>\n\t\t\t\t<div class=\"elementor-column elementor-col-50 elementor-inner-column elementor-element elementor-element-1b85032 column-style-top\" data-id=\"1b85032\" data-element_type=\"column\">\n\t\t\t<div class=\"elementor-widget-wrap elementor-element-populated\">\n\t\t\t\t\t\t\t\t<div class=\"elementor-element elementor-element-7df01ef elementor-widget elementor-widget-gva-image-content\" data-id=\"7df01ef\" data-element_type=\"widget\" data-widget_type=\"gva-image-content.default\">\n\t\t\t\t<div class=\"elementor-widget-container\">\n\t\t\t<div class=\"gva-element-gva-image-content gva-element\">      \r\n     \r\n    \r\n    \r\n\r\n   \r\n  <div class=\"gsc-image-content skin-v4\">\r\n          <div class=\"image\">\r\n                  <a href=\"https:\/\/themesgavias.com\/wp\/codesk\/?page_id=5442\">\r\n          <img width=\"200\" height=\"100\" src=\"https:\/\/oskpdul.pl\/wp-content\/uploads\/2019\/06\/awards-6.jpg\" class=\"attachment-full size-full\" alt=\"\" loading=\"lazy\" \/>        <\/a>\r\n              <\/div>\r\n        <div class=\"box-content\">\r\n               <h2 class=\"title\">\r\n                    <a href=\"https:\/\/themesgavias.com\/wp\/codesk\/?page_id=5442\">\r\n          2018 The Cloud Awards        <\/a>\r\n                 <\/h2>\r\n            <div class=\"desc\">Codesk wins most innovative use of data in the cloud<\/div>\r\n              <div class=\"read-more\">\r\n                  <a href=\"https:\/\/themesgavias.com\/wp\/codesk\/?page_id=5442\" class=\"btn-theme btn-small\">\r\n          <span>Read More<\/span>        <\/a>\r\n                <\/div>\r\n          <\/div>  \r\n  <\/div>\r\n <\/div>\t\t<\/div>\n\t\t\t\t<\/div>\n\t\t\t\t\t<\/div>\n\t\t<\/div>\n\t\t\t\t\t\t\t<\/div>\n\t\t<\/section>\n\t\t\t\t\t<\/div>\n\t\t<\/div>\n\t\t\t\t<div class=\"elementor-column elementor-col-50 elementor-top-column elementor-element elementor-element-200c924 column-style-top\" data-id=\"200c924\" data-element_type=\"column\">\n\t\t\t<div class=\"elementor-widget-wrap elementor-element-populated\">\n\t\t\t\t\t\t\t\t<div class=\"elementor-element elementor-element-e1112bb wp-sidebar elementor-widget elementor-widget-sidebar\" data-id=\"e1112bb\" data-element_type=\"widget\" data-widget_type=\"sidebar.default\">\n\t\t\t\t<div class=\"elementor-widget-container\">\n\t\t\t<aside id=\"custom_html-6\" class=\"widget_text widget clearfix widget_custom_html\"><div class=\"textwidget custom-html-widget\"><div class=\"download-box\">\r\n\t<a href=\"#\">Download Our Details<\/a>\r\n<\/div><\/div><\/aside>\t\t<\/div>\n\t\t\t\t<\/div>\n\t\t\t\t\t<\/div>\n\t\t<\/div>\n\t\t\t\t\t\t\t<\/div>\n\t\t<\/section>\n\t\t\t\t<section class=\"elementor-section elementor-top-section elementor-element elementor-element-17dc0c7 elementor-section-boxed elementor-section-height-default elementor-section-height-default\" data-id=\"17dc0c7\" data-element_type=\"section\" data-settings=\"{&quot;background_background&quot;:&quot;classic&quot;}\">\n\t\t\t\t\t\t<div class=\"elementor-container elementor-column-gap-default\">\n\t\t\t\t\t<div class=\"elementor-column elementor-col-33 elementor-top-column elementor-element elementor-element-789bcadb column-style-top\" data-id=\"789bcadb\" data-element_type=\"column\">\n\t\t\t<div class=\"elementor-widget-wrap elementor-element-populated\">\n\t\t\t\t\t\t\t\t<div class=\"elementor-element elementor-element-274bf5eb elementor-widget elementor-widget-gva-heading-block\" data-id=\"274bf5eb\" data-element_type=\"widget\" data-widget_type=\"gva-heading-block.default\">\n\t\t\t\t<div class=\"elementor-widget-container\">\n\t\t\t<div class=\"gva-element-gva-heading-block gva-element\">   <div class=\"align-left style-1 widget gsc-heading\">\r\n      <div class=\"content-inner\">\r\n         \r\n                  \r\n           \r\n         \r\n                     <h2 class=\"title\">\r\n               <span>Fully equipped meeting rooms for rent<\/span>\r\n            <\/h2>\r\n                  \r\n         \r\n      <\/div>\r\n   <\/div>\r\n   <div class=\"clearfix\"><\/div>\r\n<\/div>\t\t<\/div>\n\t\t\t\t<\/div>\n\t\t\t\t\t<\/div>\n\t\t<\/div>\n\t\t\t\t<div class=\"elementor-column elementor-col-33 elementor-top-column elementor-element elementor-element-265dee7b column-style-top\" data-id=\"265dee7b\" data-element_type=\"column\">\n\t\t\t<div class=\"elementor-widget-wrap elementor-element-populated\">\n\t\t\t\t\t\t\t\t<div class=\"elementor-element elementor-element-1cffd801 elementor-widget elementor-widget-text-editor\" data-id=\"1cffd801\" data-element_type=\"widget\" data-widget_type=\"text-editor.default\">\n\t\t\t\t<div class=\"elementor-widget-container\">\n\t\t\t<style>\/*! elementor - v3.5.3 - 28-12-2021 *\/\n.elementor-widget-text-editor.elementor-drop-cap-view-stacked .elementor-drop-cap{background-color:#818a91;color:#fff}.elementor-widget-text-editor.elementor-drop-cap-view-framed .elementor-drop-cap{color:#818a91;border:3px solid;background-color:transparent}.elementor-widget-text-editor:not(.elementor-drop-cap-view-default) .elementor-drop-cap{margin-top:8px}.elementor-widget-text-editor:not(.elementor-drop-cap-view-default) .elementor-drop-cap-letter{width:1em;height:1em}.elementor-widget-text-editor .elementor-drop-cap{float:left;text-align:center;line-height:1;font-size:50px}.elementor-widget-text-editor .elementor-drop-cap-letter{display:inline-block}<\/style>\t\t\t\t<p>Sed quia lipsum dolor sit atur adipiscing elit is nunc quis tellus sed ligula porta ultricies quis nec magna neulla.<\/p>\t\t\t\t\t\t<\/div>\n\t\t\t\t<\/div>\n\t\t\t\t\t<\/div>\n\t\t<\/div>\n\t\t\t\t<div class=\"elementor-column elementor-col-33 elementor-top-column elementor-element elementor-element-aad8759 column-style-top\" data-id=\"aad8759\" data-element_type=\"column\">\n\t\t\t<div class=\"elementor-widget-wrap elementor-element-populated\">\n\t\t\t\t\t\t\t\t<div class=\"elementor-element elementor-element-4e8bfd47 elementor-align-right elementor-mobile-align-left elementor-widget elementor-widget-button\" data-id=\"4e8bfd47\" data-element_type=\"widget\" data-widget_type=\"button.default\">\n\t\t\t\t<div class=\"elementor-widget-container\">\n\t\t\t\t\t<div class=\"elementor-button-wrapper\">\n\t\t\t<a href=\"https:\/\/www.gavias-theme.com\/wp\/codesk\/?page_id=7247\" class=\"elementor-button-link elementor-button elementor-size-sm\" role=\"button\">\n\t\t\t\t\t\t<span class=\"elementor-button-content-wrapper\">\n\t\t\t\t\t\t<span class=\"elementor-button-text\">Book a Tour<\/span>\n\t\t<\/span>\n\t\t\t\t\t<\/a>\n\t\t<\/div>\n\t\t\t\t<\/div>\n\t\t\t\t<\/div>\n\t\t\t\t\t<\/div>\n\t\t<\/div>\n\t\t\t\t\t\t\t<\/div>\n\t\t<\/section>\n\t\t\t\t\t\t<\/div>\n\t\t\t\t\t<\/div>\n\t\t","protected":false},"excerpt":{"rendered":"<p>2018 The Cloud Awards Codesk wins most innovative use of data in the cloud Read More 2018 The IOT Awards Codesk wins most innovative use of data in the cloud [&hellip;]<\/p>\n","protected":false},"author":1,"featured_media":0,"parent":0,"menu_order":0,"comment_status":"closed","ping_status":"closed","template":"","meta":[],"yoast_head":"<!-- This site is optimized with the Yoast SEO plugin v19.2 - https:\/\/yoast.com\/wordpress\/plugins\/seo\/ -->\n<title>Our Awards - OSKPDUL - okr\u0119gowa stacja pojazd\u00f3w Mielec<\/title>\n<meta name=\"robots\" content=\"index, follow, max-snippet:-1, max-image-preview:large, max-video-preview:-1\" \/>\n<link rel=\"canonical\" href=\"https:\/\/oskpdul.pl\/index.php\/our-awards\/\" \/>\n<meta property=\"og:locale\" content=\"pl_PL\" \/>\n<meta property=\"og:type\" content=\"article\" \/>\n<meta property=\"og:title\" content=\"Our Awards - OSKPDUL - okr\u0119gowa stacja pojazd\u00f3w Mielec\" \/>\n<meta property=\"og:description\" content=\"2018 The Cloud Awards Codesk wins most innovative use of data in the cloud Read More 2018 The IOT Awards Codesk wins most innovative use of data in the cloud [&hellip;]\" \/>\n<meta property=\"og:url\" content=\"https:\/\/oskpdul.pl\/index.php\/our-awards\/\" \/>\n<meta property=\"og:site_name\" content=\"OSKPDUL - okr\u0119gowa stacja pojazd\u00f3w Mielec\" \/>\n<meta name=\"author\" content=\"admin\" \/>\n<meta name=\"twitter:card\" content=\"summary_large_image\" \/>\n<meta name=\"twitter:label1\" content=\"Szacowany czas czytania\" \/>\n\t<meta name=\"twitter:data1\" content=\"1 minuta\" \/>\n<script type=\"application\/ld+json\" class=\"yoast-schema-graph\">{\"@context\":\"https:\/\/schema.org\",\"@graph\":[{\"@type\":\"Organization\",\"@id\":\"https:\/\/oskpdul.pl\/#organization\",\"name\":\"OSKP DUL - okr\u0119gowa stacja kontroli pojazd\u00f3w Mielec\",\"url\":\"https:\/\/oskpdul.pl\/\",\"sameAs\":[],\"logo\":{\"@type\":\"ImageObject\",\"inLanguage\":\"pl-PL\",\"@id\":\"https:\/\/oskpdul.pl\/#\/schema\/logo\/image\/\",\"url\":\"https:\/\/oskpdul.pl\/wp-content\/uploads\/2022\/01\/cropped-android-chrome-512x512-1.png\",\"contentUrl\":\"https:\/\/oskpdul.pl\/wp-content\/uploads\/2022\/01\/cropped-android-chrome-512x512-1.png\",\"width\":512,\"height\":512,\"caption\":\"OSKP DUL - okr\u0119gowa stacja kontroli pojazd\u00f3w Mielec\"},\"image\":{\"@id\":\"https:\/\/oskpdul.pl\/#\/schema\/logo\/image\/\"}},{\"@type\":\"WebSite\",\"@id\":\"https:\/\/oskpdul.pl\/#website\",\"url\":\"https:\/\/oskpdul.pl\/\",\"name\":\"OSKPDUL - okr\u0119gowa stacja pojazd\u00f3w Mielec\",\"description\":\"Okr\u0119gowa stacja kontroli pojazd\u00f3w\",\"publisher\":{\"@id\":\"https:\/\/oskpdul.pl\/#organization\"},\"potentialAction\":[{\"@type\":\"SearchAction\",\"target\":{\"@type\":\"EntryPoint\",\"urlTemplate\":\"https:\/\/oskpdul.pl\/?s={search_term_string}\"},\"query-input\":\"required name=search_term_string\"}],\"inLanguage\":\"pl-PL\"},{\"@type\":\"WebPage\",\"@id\":\"https:\/\/oskpdul.pl\/index.php\/our-awards\/#webpage\",\"url\":\"https:\/\/oskpdul.pl\/index.php\/our-awards\/\",\"name\":\"Our Awards - OSKPDUL - okr\u0119gowa stacja pojazd\u00f3w Mielec\",\"isPartOf\":{\"@id\":\"https:\/\/oskpdul.pl\/#website\"},\"datePublished\":\"2019-06-13T07:24:49+00:00\",\"dateModified\":\"2019-06-13T07:24:49+00:00\",\"breadcrumb\":{\"@id\":\"https:\/\/oskpdul.pl\/index.php\/our-awards\/#breadcrumb\"},\"inLanguage\":\"pl-PL\",\"potentialAction\":[{\"@type\":\"ReadAction\",\"target\":[\"https:\/\/oskpdul.pl\/index.php\/our-awards\/\"]}]},{\"@type\":\"BreadcrumbList\",\"@id\":\"https:\/\/oskpdul.pl\/index.php\/our-awards\/#breadcrumb\",\"itemListElement\":[{\"@type\":\"ListItem\",\"position\":1,\"name\":\"Strona g\u0142\u00f3wna\",\"item\":\"https:\/\/oskpdul.pl\/\"},{\"@type\":\"ListItem\",\"position\":2,\"name\":\"Our Awards\"}]}]}<\/script>\n<!-- \/ Yoast SEO plugin. -->","yoast_head_json":{"title":"Our Awards - OSKPDUL - okr\u0119gowa stacja pojazd\u00f3w Mielec","robots":{"index":"index","follow":"follow","max-snippet":"max-snippet:-1","max-image-preview":"max-image-preview:large","max-video-preview":"max-video-preview:-1"},"canonical":"https:\/\/oskpdul.pl\/index.php\/our-awards\/","og_locale":"pl_PL","og_type":"article","og_title":"Our Awards - OSKPDUL - okr\u0119gowa stacja pojazd\u00f3w Mielec","og_description":"2018 The Cloud Awards Codesk wins most innovative use of data in the cloud Read More 2018 The IOT Awards Codesk wins most innovative use of data in the cloud [&hellip;]","og_url":"https:\/\/oskpdul.pl\/index.php\/our-awards\/","og_site_name":"OSKPDUL - okr\u0119gowa stacja pojazd\u00f3w Mielec","author":"admin","twitter_card":"summary_large_image","twitter_misc":{"Szacowany czas czytania":"1 minuta"},"schema":{"@context":"https:\/\/schema.org","@graph":[{"@type":"Organization","@id":"https:\/\/oskpdul.pl\/#organization","name":"OSKP DUL - okr\u0119gowa stacja kontroli pojazd\u00f3w Mielec","url":"https:\/\/oskpdul.pl\/","sameAs":[],"logo":{"@type":"ImageObject","inLanguage":"pl-PL","@id":"https:\/\/oskpdul.pl\/#\/schema\/logo\/image\/","url":"https:\/\/oskpdul.pl\/wp-content\/uploads\/2022\/01\/cropped-android-chrome-512x512-1.png","contentUrl":"https:\/\/oskpdul.pl\/wp-content\/uploads\/2022\/01\/cropped-android-chrome-512x512-1.png","width":512,"height":512,"caption":"OSKP DUL - okr\u0119gowa stacja kontroli pojazd\u00f3w Mielec"},"image":{"@id":"https:\/\/oskpdul.pl\/#\/schema\/logo\/image\/"}},{"@type":"WebSite","@id":"https:\/\/oskpdul.pl\/#website","url":"https:\/\/oskpdul.pl\/","name":"OSKPDUL - okr\u0119gowa stacja pojazd\u00f3w Mielec","description":"Okr\u0119gowa stacja kontroli pojazd\u00f3w","publisher":{"@id":"https:\/\/oskpdul.pl\/#organization"},"potentialAction":[{"@type":"SearchAction","target":{"@type":"EntryPoint","urlTemplate":"https:\/\/oskpdul.pl\/?s={search_term_string}"},"query-input":"required name=search_term_string"}],"inLanguage":"pl-PL"},{"@type":"WebPage","@id":"https:\/\/oskpdul.pl\/index.php\/our-awards\/#webpage","url":"https:\/\/oskpdul.pl\/index.php\/our-awards\/","name":"Our Awards - OSKPDUL - okr\u0119gowa stacja pojazd\u00f3w Mielec","isPartOf":{"@id":"https:\/\/oskpdul.pl\/#website"},"datePublished":"2019-06-13T07:24:49+00:00","dateModified":"2019-06-13T07:24:49+00:00","breadcrumb":{"@id":"https:\/\/oskpdul.pl\/index.php\/our-awards\/#breadcrumb"},"inLanguage":"pl-PL","potentialAction":[{"@type":"ReadAction","target":["https:\/\/oskpdul.pl\/index.php\/our-awards\/"]}]},{"@type":"BreadcrumbList","@id":"https:\/\/oskpdul.pl\/index.php\/our-awards\/#breadcrumb","itemListElement":[{"@type":"ListItem","position":1,"name":"Strona g\u0142\u00f3wna","item":"https:\/\/oskpdul.pl\/"},{"@type":"ListItem","position":2,"name":"Our Awards"}]}]}},"_links":{"self":[{"href":"https:\/\/oskpdul.pl\/index.php\/wp-json\/wp\/v2\/pages\/5445"}],"collection":[{"href":"https:\/\/oskpdul.pl\/index.php\/wp-json\/wp\/v2\/pages"}],"about":[{"href":"https:\/\/oskpdul.pl\/index.php\/wp-json\/wp\/v2\/types\/page"}],"author":[{"embeddable":true,"href":"https:\/\/oskpdul.pl\/index.php\/wp-json\/wp\/v2\/users\/1"}],"replies":[{"embeddable":true,"href":"https:\/\/oskpdul.pl\/index.php\/wp-json\/wp\/v2\/comments?post=5445"}],"version-history":[{"count":0,"href":"https:\/\/oskpdul.pl\/index.php\/wp-json\/wp\/v2\/pages\/5445\/revisions"}],"wp:attachment":[{"href":"https:\/\/oskpdul.pl\/index.php\/wp-json\/wp\/v2\/media?parent=5445"}],"curies":[{"name":"wp","href":"https:\/\/api.w.org\/{rel}","templated":true}]}}