{"id":597,"date":"2016-03-07T01:53:22","date_gmt":"2016-03-07T01:53:22","guid":{"rendered":"https:\/\/www.gavias-theme.com\/wp\/codesk\/?page_id=597"},"modified":"2016-03-07T01:53:22","modified_gmt":"2016-03-07T01:53:22","slug":"products-by-sku","status":"publish","type":"page","link":"https:\/\/oskpdul.pl\/index.php\/products-by-sku\/","title":{"rendered":"Products By Sku"},"content":{"rendered":"<div class=\"woocommerce columns-4 \"><\/div>\n","protected":false},"excerpt":{"rendered":"","protected":false},"author":1,"featured_media":0,"parent":0,"menu_order":0,"comment_status":"closed","ping_status":"closed","template":"","meta":[],"yoast_head":"<!-- This site is optimized with the Yoast SEO plugin v19.2 - https:\/\/yoast.com\/wordpress\/plugins\/seo\/ -->\n<title>Products By Sku - OSKPDUL - okr\u0119gowa stacja pojazd\u00f3w Mielec<\/title>\n<meta name=\"robots\" content=\"index, follow, max-snippet:-1, max-image-preview:large, max-video-preview:-1\" \/>\n<link rel=\"canonical\" href=\"https:\/\/oskpdul.pl\/index.php\/products-by-sku\/\" \/>\n<meta property=\"og:locale\" content=\"pl_PL\" \/>\n<meta property=\"og:type\" content=\"article\" \/>\n<meta property=\"og:title\" content=\"Products By Sku - OSKPDUL - okr\u0119gowa stacja pojazd\u00f3w Mielec\" \/>\n<meta property=\"og:url\" content=\"https:\/\/oskpdul.pl\/index.php\/products-by-sku\/\" \/>\n<meta property=\"og:site_name\" content=\"OSKPDUL - okr\u0119gowa stacja pojazd\u00f3w Mielec\" \/>\n<meta name=\"author\" content=\"admin\" \/>\n<meta name=\"twitter:card\" content=\"summary_large_image\" \/>\n<script type=\"application\/ld+json\" class=\"yoast-schema-graph\">{\"@context\":\"https:\/\/schema.org\",\"@graph\":[{\"@type\":\"Organization\",\"@id\":\"https:\/\/oskpdul.pl\/#organization\",\"name\":\"OSKP DUL - okr\u0119gowa stacja kontroli pojazd\u00f3w Mielec\",\"url\":\"https:\/\/oskpdul.pl\/\",\"sameAs\":[],\"logo\":{\"@type\":\"ImageObject\",\"inLanguage\":\"pl-PL\",\"@id\":\"https:\/\/oskpdul.pl\/#\/schema\/logo\/image\/\",\"url\":\"https:\/\/oskpdul.pl\/wp-content\/uploads\/2022\/01\/cropped-android-chrome-512x512-1.png\",\"contentUrl\":\"https:\/\/oskpdul.pl\/wp-content\/uploads\/2022\/01\/cropped-android-chrome-512x512-1.png\",\"width\":512,\"height\":512,\"caption\":\"OSKP DUL - okr\u0119gowa stacja kontroli pojazd\u00f3w Mielec\"},\"image\":{\"@id\":\"https:\/\/oskpdul.pl\/#\/schema\/logo\/image\/\"}},{\"@type\":\"WebSite\",\"@id\":\"https:\/\/oskpdul.pl\/#website\",\"url\":\"https:\/\/oskpdul.pl\/\",\"name\":\"OSKPDUL - okr\u0119gowa stacja pojazd\u00f3w Mielec\",\"description\":\"Okr\u0119gowa stacja kontroli pojazd\u00f3w\",\"publisher\":{\"@id\":\"https:\/\/oskpdul.pl\/#organization\"},\"potentialAction\":[{\"@type\":\"SearchAction\",\"target\":{\"@type\":\"EntryPoint\",\"urlTemplate\":\"https:\/\/oskpdul.pl\/?s={search_term_string}\"},\"query-input\":\"required name=search_term_string\"}],\"inLanguage\":\"pl-PL\"},{\"@type\":\"WebPage\",\"@id\":\"https:\/\/oskpdul.pl\/index.php\/products-by-sku\/#webpage\",\"url\":\"https:\/\/oskpdul.pl\/index.php\/products-by-sku\/\",\"name\":\"Products By Sku - OSKPDUL - okr\u0119gowa stacja pojazd\u00f3w Mielec\",\"isPartOf\":{\"@id\":\"https:\/\/oskpdul.pl\/#website\"},\"datePublished\":\"2016-03-07T01:53:22+00:00\",\"dateModified\":\"2016-03-07T01:53:22+00:00\",\"breadcrumb\":{\"@id\":\"https:\/\/oskpdul.pl\/index.php\/products-by-sku\/#breadcrumb\"},\"inLanguage\":\"pl-PL\",\"potentialAction\":[{\"@type\":\"ReadAction\",\"target\":[\"https:\/\/oskpdul.pl\/index.php\/products-by-sku\/\"]}]},{\"@type\":\"BreadcrumbList\",\"@id\":\"https:\/\/oskpdul.pl\/index.php\/products-by-sku\/#breadcrumb\",\"itemListElement\":[{\"@type\":\"ListItem\",\"position\":1,\"name\":\"Strona g\u0142\u00f3wna\",\"item\":\"https:\/\/oskpdul.pl\/\"},{\"@type\":\"ListItem\",\"position\":2,\"name\":\"Products By Sku\"}]}]}<\/script>\n<!-- \/ Yoast SEO plugin. -->","yoast_head_json":{"title":"Products By Sku - OSKPDUL - okr\u0119gowa stacja pojazd\u00f3w Mielec","robots":{"index":"index","follow":"follow","max-snippet":"max-snippet:-1","max-image-preview":"max-image-preview:large","max-video-preview":"max-video-preview:-1"},"canonical":"https:\/\/oskpdul.pl\/index.php\/products-by-sku\/","og_locale":"pl_PL","og_type":"article","og_title":"Products By Sku - OSKPDUL - okr\u0119gowa stacja pojazd\u00f3w Mielec","og_url":"https:\/\/oskpdul.pl\/index.php\/products-by-sku\/","og_site_name":"OSKPDUL - okr\u0119gowa stacja pojazd\u00f3w Mielec","author":"admin","twitter_card":"summary_large_image","schema":{"@context":"https:\/\/schema.org","@graph":[{"@type":"Organization","@id":"https:\/\/oskpdul.pl\/#organization","name":"OSKP DUL - okr\u0119gowa stacja kontroli pojazd\u00f3w Mielec","url":"https:\/\/oskpdul.pl\/","sameAs":[],"logo":{"@type":"ImageObject","inLanguage":"pl-PL","@id":"https:\/\/oskpdul.pl\/#\/schema\/logo\/image\/","url":"https:\/\/oskpdul.pl\/wp-content\/uploads\/2022\/01\/cropped-android-chrome-512x512-1.png","contentUrl":"https:\/\/oskpdul.pl\/wp-content\/uploads\/2022\/01\/cropped-android-chrome-512x512-1.png","width":512,"height":512,"caption":"OSKP DUL - okr\u0119gowa stacja kontroli pojazd\u00f3w Mielec"},"image":{"@id":"https:\/\/oskpdul.pl\/#\/schema\/logo\/image\/"}},{"@type":"WebSite","@id":"https:\/\/oskpdul.pl\/#website","url":"https:\/\/oskpdul.pl\/","name":"OSKPDUL - okr\u0119gowa stacja pojazd\u00f3w Mielec","description":"Okr\u0119gowa stacja kontroli pojazd\u00f3w","publisher":{"@id":"https:\/\/oskpdul.pl\/#organization"},"potentialAction":[{"@type":"SearchAction","target":{"@type":"EntryPoint","urlTemplate":"https:\/\/oskpdul.pl\/?s={search_term_string}"},"query-input":"required name=search_term_string"}],"inLanguage":"pl-PL"},{"@type":"WebPage","@id":"https:\/\/oskpdul.pl\/index.php\/products-by-sku\/#webpage","url":"https:\/\/oskpdul.pl\/index.php\/products-by-sku\/","name":"Products By Sku - OSKPDUL - okr\u0119gowa stacja pojazd\u00f3w Mielec","isPartOf":{"@id":"https:\/\/oskpdul.pl\/#website"},"datePublished":"2016-03-07T01:53:22+00:00","dateModified":"2016-03-07T01:53:22+00:00","breadcrumb":{"@id":"https:\/\/oskpdul.pl\/index.php\/products-by-sku\/#breadcrumb"},"inLanguage":"pl-PL","potentialAction":[{"@type":"ReadAction","target":["https:\/\/oskpdul.pl\/index.php\/products-by-sku\/"]}]},{"@type":"BreadcrumbList","@id":"https:\/\/oskpdul.pl\/index.php\/products-by-sku\/#breadcrumb","itemListElement":[{"@type":"ListItem","position":1,"name":"Strona g\u0142\u00f3wna","item":"https:\/\/oskpdul.pl\/"},{"@type":"ListItem","position":2,"name":"Products By Sku"}]}]}},"_links":{"self":[{"href":"https:\/\/oskpdul.pl\/index.php\/wp-json\/wp\/v2\/pages\/597"}],"collection":[{"href":"https:\/\/oskpdul.pl\/index.php\/wp-json\/wp\/v2\/pages"}],"about":[{"href":"https:\/\/oskpdul.pl\/index.php\/wp-json\/wp\/v2\/types\/page"}],"author":[{"embeddable":true,"href":"https:\/\/oskpdul.pl\/index.php\/wp-json\/wp\/v2\/users\/1"}],"replies":[{"embeddable":true,"href":"https:\/\/oskpdul.pl\/index.php\/wp-json\/wp\/v2\/comments?post=597"}],"version-history":[{"count":0,"href":"https:\/\/oskpdul.pl\/index.php\/wp-json\/wp\/v2\/pages\/597\/revisions"}],"wp:attachment":[{"href":"https:\/\/oskpdul.pl\/index.php\/wp-json\/wp\/v2\/media?parent=597"}],"curies":[{"name":"wp","href":"https:\/\/api.w.org\/{rel}","templated":true}]}}